 - c)*-19*5?
4
Suppose -52*l + 240*l - 895876 - 1812452 = 0. What is the hundreds digit of l?
4
Let t(c) = 7*c + 11*c + 17*c - 2*c**2. Let l be t(18). What is the units digit of (-4060)/(-36) + (-4)/l?
3
Let s be -9*4/(-6) - -15. Suppose 0*q - 11235 = -s*q. What is the hundreds digit of q?
5
Let f = -3453 + 1891. Let k = f - -3240. What is the hundreds digit of k?
6
Suppose 237*k - 218*k - 329289 = 0. What is the thousands digit of k?
7
Suppose -633661 = -110*j - 184971. What is the thousands digit of j?
4
Let c = -9 + -15. Let v = 44 + c. Suppose 4*l - v*l + 1664 = 0. What is the tens digit of l?
0
Let y = 85 - 63. Suppose -4*i + y*i - 6228 = 0. What is the tens digit of i?
4
Suppose 458*f + 90816 = 470*f. What is the hundreds digit of f?
5
Let l = 24201 + -5830. What is the tens digit of l?
7
Let w = 69 - 66. Suppose 3*b - 4*j - 274 = 0, -2*j - 3*j + 265 = w*b. Suppose 3*y = b + 270. What is the units digit of y?
0
What is the thousands digit of -2692*(-85)/4 - 5?
7
Let o = -8823 - -25968. What is the ten thousands digit of o?
1
Suppose -5*m + 8*m = 5*j - 1, -2*j = -5*m + 11. What is the tens digit of 1/((-7790)/(-79590) + j/(-21))?
7
Let v(d) = 86*d**2 + 3*d + 1. Suppose 5*l - 14 = 2*r, 5 + 3 = -r + 3*l. Let n be v(r). Suppose 0 = -12*a - n + 1743. What is the hundreds digit of a?
1
Let a(m) = m**3 + 17*m**2 - 5*m. Let u(p) = 3*p**3 + 35*p**2 - 11*p. Let b = -22 + 20. Let s(k) = b*u(k) + 5*a(k). What is the hundreds digit of s(14)?
1
Let m(v) = -v**3 + 20*v**2 + 5*v - 7. Let d be m(17). Let a = -500 + d. Suppose -4*c - 2*l - l = -a, 4*l = -4*c + 448. What is the units digit of c?
9
Let d = -10 + 13. Suppose -k + 4 = -y, -d*k + 5 = y - 23. Let w(p) = -p**3 + 7*p**2 + 11*p - 12. What is the units digit of w(k)?
2
Let k(z) = 4*z + 52. Let p be k(4). Let b = p + 1231. What is the units digit of b?
9
Let v(g) = 4154*g**2 + 540 + 2*g + g**3 - 4154*g**2 + 547. What is the units digit of v(0)?
7
Let g(c) = c**2 - 12*c + 26. Let s be g(7). Let j(a) = -2*a**3 - 16*a**2 - 23*a + 6. What is the tens digit of j(s)?
7
Suppose -6 = -3*v, -5*v = -5*z - 0*v. What is the tens digit of (z/9)/((-14)/105)*-225?
7
Suppose -k + 1082 = -75. What is the units digit of k?
7
Suppose -6*q - 443 = -r - 9*q, -r - 5*q + 435 = 0. Let f = 900 - r. What is the tens digit of f?
4
Let n(k) = -26*k + 14. Let m(g) = 27*g - 15. Let i(y) = 3*m(y) + 2*n(y). What is the units digit of i(3)?
0
Suppose h + 48 = 3*h. Let v(l) = -h - 17 - 14*l + 4*l + 3*l**2 - 2*l. What is the units digit of v(-5)?
4
Let f be (-2 - 204/(-18))/(2/3). Let p(y) = y - 4. Let k be p(f). Suppose -2*s - k = -226. What is the hundreds digit of s?
1
Suppose 0 = 229*b - 258*b + 80272. What is the thousands digit of b?
2
Suppose 2*n = -5*c + 2284, 0 = 139*n - 136*n - 4*c - 3357. What is the hundreds digit of n?
1
Suppose 4*a - a + 1563 = m, 4*m - 6200 = -a. What is the thousands digit of m?
1
Let t(m) = 8 + 74*m**2 - 11*m + 75*m**2 - 148*m**2. What is the hundreds digit of t(20)?
1
Let x(n) = 83*n**2 + 6*n - 12. Let u be x(-4). Suppose 234 + u = 14*z. What is the hundreds digit of z?
1
Let p(v) = -23*v + 34. Let k(f) = 5*f + 84. Let j be k(-18). What is the units digit of p(j)?
2
Let z = -237 + 1795. What is the tens digit of z?
5
Let r = 17334 - 31278. What is the units digit of r/(-60) + 4/((-20)/(-3))?
3
Let x(n) = 37*n + 1074. What is the thousands digit of x(14)?
1
Suppose -21 = -3*g + 12. Suppose 126 = 4*f - g*f. What is the hundreds digit of 17*4/(-8)*f?
1
Suppose -5*s = -4*s + 7*s. Suppose -4*h = -2*o + 220, -h - 3*h - 16 = s. What is the units digit of o?
2
Suppose -1652 = -2*g - y, 0 = 24*g - 18*g - 5*y - 4940. What is the units digit of g?
5
Suppose -3*u = -5*m + 1068, -5*m + 1076 = -9*u + 8*u. Suppose -m = -7*f + f. Let t = f + -9. What is the tens digit of t?
2
Let f = 96 - 108. What is the hundreds digit of (-5915)/(-14)*2/(-20)*f?
5
Suppose -6809*j + 219996 = -6791*j. What is the tens digit of j?
2
Suppose -w - 15 = -6*w - n, -9 = -3*w + 4*n. Suppose -w*i + 246 = -2*s - 543, 2*s + 526 = 2*i. What is the tens digit of i?
6
Suppose 0 = 26*y - 19*y - 56. Suppose 5*a = -2*h + 35, y*a = -3*h + 3*a + 45. What is the units digit of (-75)/(4/h*(-9)/6)?
5
Let w be (185/111)/(5/18). Let c(t) = 43*t**2 + 52*t - 293. What is the hundreds digit of c(w)?
5
Let z be 472/(-354)*1/(-2)*-1239. Let y = z - -1170. What is the units digit of y?
4
Suppose 17*w - 12047 - 76438 = 0. What is the units digit of w?
5
What is the tens digit of (-75004)/(-357) - 3*(-16)/(-504)?
1
Let x = 149 - 144. Suppose -20*y = x*y - 1075. What is the tens digit of y?
4
Suppose -18814*k = -18792*k - 538164. What is the tens digit of k?
6
Suppose 223*q = 352*q - 2170683. What is the hundreds digit of q?
8
Let r = -53 + 101. Suppose -r*z + 4434 = -42*z. What is the hundreds digit of z?
7
Suppose -5*x = 2*i - 92621, -4*x - 39*i = -37*i - 74096. What is the units digit of x?
5
Suppose -2*x - 144 = -1176. Let j = -252 + x. What is the units digit of j?
4
Let y = -27423 + 43162. What is the hundreds digit of y?
7
Let h(g) = 20*g + 477. Let y be h(-9). Let x = 1041 - 609. Let i = x - y. What is the units digit of i?
5
Let z(j) = j**2 - 25*j - 31. Let i = -296 - -281. What is the hundreds digit of z(i)?
5
Suppose 3*j + 9952 = 4*w, -4*w - 26*j = -27*j - 9952. What is the thousands digit of w?
2
What is the thousands digit of (-9)/(-3)*((-670)/(-4))/((-4)/(-8))?
1
What is the thousands digit of ((-1496)/476)/(136688/68348 - 2)?
6
Let c(v) = -v**2 - 2*v - 21. Let b be c(-6). Let h = b - -145. What is the units digit of h?
0
Let k be (32440/15 + -1)*(-72)/(-40). Suppose -23*z - k = -26*z. What is the units digit of z?
7
Let j(c) = -c**2 - 5*c + 11. Let y be j(-6). Let f(v) = -2*v**3 + 6 + 2*v**2 + 5*v - 3*v**2 + 3*v**3. What is the hundreds digit of f(y)?
1
Suppose -3*y - 1234*j + 1231*j = -48345, -32218 = -2*y - 4*j. What is the hundreds digit of y?
1
Let l = 53 + -53. Let g be 71 - (l/3 + -2). What is the tens digit of g*(6/(-3) - -3)?
7
Let w(k) = 38*k**3 + 2*k**2 + 17*k - 200. What is the hundreds digit of w(8)?
5
Let z be 4/2*(60/8)/3. Let b be 7/(-5) + z + 46/(-10). What is the tens digit of (b + 113/3)*18/15?
4
Let b = 40221 + -24164. Suppose -8164 = -53*r + b. What is the tens digit of r?
5
Let o(p) = 3148*p - 969. What is the units digit of o(2)?
7
Let u(t) = -t + 28. Let x be u(14). Let c(l) be the second derivative of l**5/20 - 13*l**4/12 - 4*l**3/3 + 4*l**2 + 13*l. What is the units digit of c(x)?
2
Let m = 41061 + -26564. What is the hundreds digit of m?
4
Let z = 91 - 170. Let c = z + 85. Suppose 2*g - c = 0, 7*i = 5*i + g + 207. What is the hundreds digit of i?
1
Let w(n) = n**2 - 9*n - 4. Suppose 5*a = 8*a + 30. What is the units digit of w(a)?
6
Suppose -5*u = -3*q - 29563, -5903 = -36*u + 35*u + 3*q. What is the hundreds digit of u?
9
Let p(f) = 29*f**3 + f**2 + 104*f - 584. What is the hundreds digit of p(7)?
1
Let p = 2142 + 15418. What is the ten thousands digit of p?
1
Let w(j) = 66*j**3 - 99*j**2 + 650*j + 4. What is the hundreds digit of w(7)?
3
Suppose 0*u = -2*u + c + 405, 5*c = -25. Suppose -194*z = -u*z + 6300. What is the units digit of z?
0
What is the units digit of (205/(-10))/(-13 - (-24282)/1868)?
7
Let b(a) = a**3 + 18*a**2 - a - 11. Let o be b(-18). Suppose -4*f = 4*l - 129 - o, 0 = 2*f + 3*l - 67. What is the units digit of (-4)/10 + -6 + 4529/f?
3
Let a(v) = 13*v - 168. Let j be a(12). What is the tens digit of (((-432)/(-42))/6)/(j/(-4914))?
0
Let p(i) = 26*i**2 + 6*i - 290. What is the thousands digit of p(28)?
0
Let n(h) = 260*h**2 + 14*h + 24. What is the hundreds digit of n(9)?
2
Let i(u) = -3*u - 6. Let c be i(9). Suppose k + 11 + 15 = 0. Let f = k - c. What is the units digit of f?
7
Let u(p) = 11*p**2 - 7*p - 15. Let v(o) = 17*o**2 - 11*o - 23. Let s(j) = -7*u(j) + 5*v(j). Let g be s(-6). Let f = -208 + g. What is the hundreds digit of f?
1
Let n be (-20)/(-2)*(-1452)/(-8). Let o be (n/27 - (-4)/(-18)) + -1. Suppose -4*v = -o - 10. What is the units digit of v?
9
Let n(z) = 30*z - 111. Let f be n(3). Let c(k) = -k. Let s be c(-6). What is the units digit of (f/(-4))/(s/64)?
6
Let n(d) = -2*d**3 - 4*d**2 - 20*d + 42. Let s be n(8). Let l = 3296 + s. What is the tens digit of l?
9
Let d = -9742 + 22097. 